
-4
Let h(i) = -i**3 - 7*i**2 - 12*i + 8. Determine h(-3).
8
Let w(q) = -q**2 - 36*q + 38. Calculate w(-37).
1
Let i(b) = b**3 - 10*b**2 + 9*b - 1. Calculate i(9).
-1
Let d(x) = x**3 - 33*x**2 + 3*x + 41. Determine d(33).
140
Let b(q) = q**2 + 10*q + 12. Determine b(-6).
-12
Let j(i) = -i**2 + 9*i - 5. What is j(10)?
-15
Let k(s) = -s**3 + 8*s**2 - 6*s - 2. Give k(7).
5
Let u(d) = d**3 - 6*d**2 - 14. Determine u(6).
-14
Let x(d) = -d**2 - 14*d - 27. What is x(-12)?
-3
Let v(r) = -r**2 - 12*r - 6. Give v(-10).
14
Let m(g) = g**2 + 11*g. Calculate m(-10).
-10
Let t(d) = -d**3 + 11*d**2 - 2*d + 14. Give t(11).
-8
Let q(a) = -a**3 - 12*a**2 - 13*a. Calculate q(-9).
-126
Let w(l) = -l**3 + 9*l**2 - 13*l - 7. Give w(7).
0
Let u(n) = -n - 24. Give u(-14).
-10
Let d(a) = a**2 + 25*a + 130. What is d(-8)?
-6
Let k(d) = -118*d - 11. Calculate k(-1).
107
Let v(s) = -16*s + 76. Determine v(6).
-20
Let z(f) = -2*f**3 + 2*f**2 + 3*f - 7. Give z(3).
-34
Let u(p) = -p**2 - 13*p - 24. Determine u(-4).
12
Let a(t) = 10*t + 55. What is a(-6)?
-5
Let t(i) = 23*i**3 - 2*i**2 - 3*i - 2. What is t(-1)?
-24
Let v(u) = -u**2 + 34*u - 93. Determine v(31).
0
Let p(v) = -6*v**2 + 10*v - 1. What is p(0)?
-1
Let z(d) = -d**2 - d - 3. Give z(0).
-3
Let d(y) = -y**3 + 13*y**2 + 15*y - 11. What is d(14)?
3
Let f(z) = -z**2 + 4*z + 105. Calculate f(12).
9
Let w(d) = -6*d + 6. What is w(3)?
-12
Let g(v) = v**3 + 7*v**2 + 10*v + 10. What is g(-3)?
16
Let f(u) = -u**3 + 11*u**2 + 9*u + 10. Give f(12).
-26
Let x(h) = h**2 - 7*h - 4. What is x(6)?
-10
Let p(f) = f**3 + 11*f**2 - 14*f - 9. What is p(-12)?
15
Let r(z) = z**2 + 8*z - 17. What is r(-10)?
3
Let u(h) = 14*h**2 + 7*h - 10. What is u(2)?
60
Let x(r) = -9*r**3 + r**2 - r + 1. Determine x(1).
-8
Let g(a) = a - 21. Calculate g(16).
-5
Let u(i) = -i**2 + 2*i + 79. Determine u(10).
-1
Let a(t) = 4*t**3 - 2*t**2 + t - 2. Determine a(-2).
-44
Let m(o) = o**3 - 8*o**2 - o - 10. Determine m(6).
-88
Let z(p) = -49*p + 97. What is z(3)?
-50
Let y(m) = 3*m + 1. Calculate y(5).
16
Let h(d) = d**3 - 10*d**2 + 9*d - 6. Calculate h(8).
-62
Let c(f) = f**2 - 5*f - 3. Determine c(8).
21
Let s(f) = -f**3 + 7*f**2 + 10*f - 3. Calculate s(8).
13
Let r(d) = d**2 + 3*d - 20. What is r(-8)?
20
Let j(d) = d**2 - 8*d - 153. Calculate j(-8).
-25
Let d(f) = -10*f**2 - f - 1. What is d(-2)?
-39
Let m(r) = -2*r**3 - 17*r**2 - 32*r + 8. What is m(-5)?
-7
Let d(h) = h**2 - 11*h - 24. Give d(14).
18
Let f(x) = -x**2 + 17*x + 5. What is f(17)?
5
Let f(z) = -23*z**2 - 4*z - 1. Give f(2).
-101
Let x(k) = k**3 + 19*k**2 + 21*k - 25. Calculate x(-17).
196
Let y(m) = 2*m**2 - 2*m + 1. Calculate y(4).
25
Let g(o) = -o**3 + 10*o**2 - 9*o - 9. Determine g(9).
-9
Let r(z) = 2*z**2 + 2*z. Calculate r(-2).
4
Let n(c) = 2*c - 26. Determine n(13).
0
Let p(s) = 4*s**3 - 3*s**2 - 5*s - 3. What is p(-1)?
-5
Let z(a) = -a**3 + 6*a**2 - 6*a + 12. Give z(6).
-24
Let v(y) = 4*y**3 + 1. Determine v(-1).
-3
Let d(o) = 54*o + 436. Give d(-7).
58
Let k(l) = -l**3 + 8*l**2 - 10*l + 28. Determine k(8).
-52
Let s(q) = q**3 - 6*q**2 - 9*q + 17. Give s(7).
3
Let c(b) = -b**3 + 13*b**2 + 12*b + 34. Determine c(14).
6
Let m(l) = -l**3 + 16*l**2 - 29*l + 1. Determine m(14).
-13
Let l(i) = i**2 - 10*i - 32. Determine l(12).
-8
Let g(w) = -47*w + 712. Determine g(15).
7
Let a(r) = -5*r + 1. What is a(-4)?
21
Let y(r) = -r**3 - 6*r**2 - 8*r - 2. What is y(-6)?
46
Let l(k) = 2*k**2 + 19*k - 26. Determine l(-11).
7
Let q(y) = y**3 + 24*y**2 + 8*y + 189. Give q(-24).
-3
Let p(h) = -2*h**2 + 12*h - 22. Determine p(7).
-36
Let q(u) = 4*u**2 + u + 1. Give q(1).
6
Let c(g) = -31*g**2 - 2*g - 1. Calculate c(-1).
-30
Let o(p) = p**3 - 2*p**2 + 5*p - 3. Calculate o(4).
49
Let n(z) = z**2 - 5*z - 10. Calculate n(10).
40
Let y(a) = -6*a**2 - 4*a + 4. Calculate y(1).
-6
Let b(y) = -2*y**3 + 24*y**2 - 20*y - 23. Calculate b(11).
-1
Let j(d) = 5*d**2 + 3*d + 3. Calculate j(-3).
39
Let d(j) = -24*j + 65. Determine d(3).
-7
Let i(q) = 4*q**3 - 3*q**2 - 3*q - 1. Give i(-2).
-39
Let z(r) = r**2 - 11*r - 32. Calculate z(13).
-6
Let k(a) = a**2 - a + 1. Calculate k(2).
3
Let y(x) = x**2 - 14*x + 14. What is y(16)?
46
Let k(z) = -z**2 - 17*z - 1. Give k(-17).
-1
Let n(j) = j**3 - 4*j**2 + 4*j - 2. Give n(3).
1
Let c(t) = 20*t - 7. Calculate c(2).
33
Let g(a) = -2*a - 61. What is g(5)?
-71
Let f(g) = 7*g + 25. Give f(-4).
-3
Let k(m) = -4*m - 1. What is k(8)?
-33
Let y(v) = -v**3 + 8*v**2 - 11*v - 13. Calculate y(6).
-7
Let x(u) = -u**3 - 2*u**2 - 2*u - 21. What is x(0)?
-21
Let h(v) = v - 7. Give h(30).
23
Let x(f) = -f**2 - 4*f + 55. Calculate x(-9).
10
Let l(d) = -d**2 + 14*d + 64. Calculate l(20).
-56
Let v(z) = -z**2 + 12*z + 10. Determine v(-4).
-54
Let n(f) = -18*f - 1. Give n(1).
-19
Let d(n) = -n**3 + 6*n**2 - 5*n + 2. Calculate d(5).
2
Let p(t) = t**3 + 2*t**2 - 25*t - 5. What is p(-6)?
1
Let q(b) = -2*b - 3. Give q(-4).
5
Let c(j) = j**3 + 18*j**2 + 43*j - 36. Determine c(-15).
-6
Let c(k) = -k**2 - 4*k - 22. Give c(-6).
-34
Let h(o) = -3*o - 18. Calculate h(-8).
6
Let r(f) = 4*f + 9. Calculate r(4).
25
Let o(h) = -3*h**2 + 2*h + 2. Determine o(-2).
-14
Let y(z) = 2*z**3 + 57*z**2 - 29*z + 19. Determine y(-29).
19
Let c(x) = x + 3. Calculate c(-10).
-7
Let h(y) = 2*y + 24. Give h(11).
46
Let u(w) = -w**3 + 7*w**2 + 3*w - 13. Calculate u(7).
8
Let z(s) = -2*s**3 + 11*s**2 + 6*s - 12. What is z(5)?
43
Let n(k) = 19*k + 6. Give n(3).
63
Let c(v) = v**3 - 11*v**2 + 16*v + 12. Determine c(9).
-6
Let s(d) = -10*d**2 + 2*d + 10. What is s(-4)?
-158
Let d(n) = -9*n - 9. Calculate d(-3).
18
Let z(g) = 2*g - 14. Calculate z(10).
6
Let h(w) = w**2 + 4*w + 13. Calculate h(-6).
25
Let a(t) = 27*t**2 + 3*t - 2. Calculate a(1).
28
Let p(v) = v**2 - 25*v + 117. Give p(9).
-27
Let b(q) = q**2 - 21*q + 85. Calculate b(16).
5
Let f(u) = 2*u**2 + 13*u - 26. Calculate f(-8).
-2
Let d(p) = p**2 - 22*p + 49. Determine d(15).
-56
Let z(f) = -2*f**2 + 13*f + 10. What is z(8)?
-14
Let v(t) = -6*t + 6. Calculate v(7).
-36
Let h(p) = -p**3 + 7*p**2 - 7*p + 12. Determine h(6).
6
Let g(f) = -5*f**2 - 7*f. Determine g(-3).
-24
Let z(v) = -v**2 - 14*v + 67. Calculate z(-18).
-5
Let j(y) = -y**2 - 7*y - 2. Calculate j(-3).
10
Let b(r) = -r**3 + 11*r**2 - 6*r - 14. Calculate b(10).
26
Let h(y) = y**2 + 4*y + 8. Determine h(-6).
20
Let f(v) = -72*v**2 - v + 2. Determine f(1).
-71
Let r(p) = -4*p**2 + 36*p - 30. What is r(8)?
2
Let i(o) = -3*o**2 + 52*o - 9. What is i(17)?
8
Let g(z) = -78*z - 7. Calculate g(1).
-85
Let s(l) = -l**3 - 4*l**2 - 6*l - 9. Determine s(-3).
0
Let h(y) = -2*y - 8. What is h(14)?
-36
Let i(u) = -u**2 - 23*u - 131. Determine i(-10).
-1
Let b(k) = -5*k**2 + 69*k + 11. Calculate b(14).
-3
Let d(y) = y**2 - 28. Determine d(0).
-28
Let y(l) = l**2 - 21*l + 22. Give y(19).
-16
Let i(a) = 107*a + 331. Calculate i(-3).
10
Let g(u) = -u**3 - 7*u**2 + 7*u - 9. Give g(-8).
-1
Let x(t) = -2*t**2 + 5*t + 99. Give x(9).
-18
Let f(i) = -i**2 - 5*i + 5. Determine f(4).
-31
Let v(p) = -p**2 - 14*p - 36. Determine v(-12).
-12
Let h(c) = c**2 + 11*c - 4. What is h(-11)?
-4
Let a(z) = 12*z - 148. Determine a(13).
8
Let a(f) = -f**3 - 7*f**2 + 45*f + 5. Give a(-11).
-6
Let y(v) = 27*v - 648. What is y(24)?
0
Let y(l) = l**3 - l. What is y(0)?
0
Let n(j) = 2*j**2 - 4*j + 2. Determine n(2).
2
Let r(a) = a**2 + 7*a + 17. Determine r(-3).
5
Let a(r) = -r**2 - 23*r - 67. Calculate a(-4).
9
Let v(g) = -6*g - 18. Calculate v(-4).
6
Let v(n) = -n**2 - 5*n + 8. Calculate v(-7).
-6
Let l(x) = 2*x**2 + 10*x - 4. Give l(-11).
128
Let k(f) = 2*f**2 - f. Determine k(-1).
3
Let l(f) = 9*f + 11. Give l(-2).
-7
Let d(c) = -c**2 - 14*c - 36. What is d(-3)?
-3
Let d(n) = -2*n**2 - n + 7. Calculate d(0).
7
Let g(k) = 2*k**2 + 24*k - 10. Determine g(-12).
-10
Let u(h) = -h + 29. Calculate u(-13).
42
Let r(l) = -l**3 - 9*l**2 + 3*l - 24. Give r(-10).
46
Let g(x) = -4*x**2 - 113*x - 19. What is g(-28)?
9
Let p(o) = -o**3 + o**2 + 10*o + 2. Give p(4).
-6
Let v(s) = -23*s + 1. Calculate v(0).
1
Let s(d) = 3*d + 23. Determine s(-12).
-13
Let w(o) = o**2 - 11*o + 14. What is w(8)?
-10
Let l(f) = f**2 - f + 6. Determine l(0).
6
Let y(i) = 5*i - 67. What is y(13)?
-2
Let j(l) = 26*l**3 - 2*l**2 + l. Give j(1).
25
Let r(v) = v**3 - 10*v**2 - 8*v - 37. Dete